02010122
In base 9, what is 573470 + 3?
573473
In base 6, what is -1140 + -523?
-2103
In base 9, what is 55 + 5335?
5401
In base 10, what is 16 - 6704?
-6688
In base 7, what is 1224352 + -61?
1224261
In base 14, what is 307 + -7b9?
-4b2
In base 11, what is -4 + -311332?
-311336
In base 8, what is 35711 + -5?
35704
In base 7, what is -10 + 1233024?
1233014
In base 9, what is -106455 + -3?
-106458
In base 16, what is 8a5 - 1f7?
6ae
In base 11, what is -7 - -212252?
212246
In base 16, what is 8c3 + -32?
891
In base 12, what is 4 - -107?
10b
In base 5, what is 10 + -14110?
-14100
In base 5, what is -2112 - -123?
-1434
In base 6, what is -13115 - -532?
-12143
In base 6, what is 203452 - -15?
203511
In base 10, what is -13001 + -5?
-13006
In base 14, what is 0 + -bd7?
-bd7
In base 8, what is -33 + 731?
676
In base 14, what is -7 - -2a471?
2a468
In base 14, what is 14844 + 7?
1484b
In base 13, what is -1b155 + -5?
-1b15a
In base 10, what is -349 + -630?
-979
In base 16, what is 2e - -7e97?
7ec5
In base 2, what is -1110101000111010 + 100?
-1110101000110110
In base 14, what is 2bb5 + -5?
2bb0
In base 9, what is 1 + -1417?
-1416
In base 16, what is 3 - f747?
-f744
In base 7, what is -366326 + 2?
-366324
In base 5, what is -10 - 31441443?
-31442003
In base 14, what is 1 + -3bad?
-3bac
In base 6, what is -5 + -23400051?
-23400100
In base 14, what is 58a + -3a?
550
In base 15, what is 0 + -7ae?
-7ae
In base 15, what is -166 + 12c0?
1159
In base 5, what is 104220 - 3?
104212
In base 14, what is 3 + -c3099?
-c3096
In base 9, what is 1142 + -1022?
120
In base 13, what is 53 + ab0?
b33
In base 10, what is 1092 - 124?
968
In base 5, what is 2 - -231324?
231331
In base 4, what is -23 - 32110232?
-32110321
In base 7, what is -1 + -31154?
-31155
In base 8, what is -553 - 12?
-565
In base 10, what is -45 - 63626?
-63671
In base 6, what is -353315 + -12?
-353331
In base 5, what is 30242 - 2?
30240
In base 8, what is -43770 - -106?
-43662
In base 6, what is -254041 - -12?
-254025
In base 11, what is -1 + -500a48?
-500a49
In base 11, what is 33 - 332?
-2aa
In base 5, what is 13143421 - 10?
13143411
In base 3, what is 102 + -20220020?
-20212211
In base 4, what is 23 + 320100?
320123
In base 13, what is 4a2 - 40?
462
In base 5, what is -23224 + -134?
-23413
In base 12, what is 1421559 - -1?
142155a
In base 9, what is -14386 + -2?
-14388
In base 16, what is -2d + -fb8c?
-fbb9
In base 7, what is 22421162 - 1?
22421161
In base 6, what is -220022001 - 3?
-220022004
In base 4, what is -213030112 + 100?
-213030012
In base 5, what is -244 + -31314?
-32113
In base 8, what is 55 + 34447?
34524
In base 13, what is 1b - 26354?
-26336
In base 3, what is -1102220122 + 2022?
-1102211100
In base 11, what is 404 + 12a?
533
In base 8, what is 26 + -70370?
-70342
In base 12, what is 423 + -1?
422
In base 10, what is 219 - 1743?
-1524
In base 8, what is 755 - -55?
1032
In base 16, what is 9508 - f?
94f9
In base 6, what is -2423 - 302?
-3125
In base 15, what is 67 - 47?
20
In base 7, what is -3 + 5454110?
5454104
In base 11, what is 48 - 529?
-491
In base 15, what is 41 - -2d?
6e
In base 6, what is 51153 - 11?
51142
In base 3, what is -101 - -2020121?
2020020
In base 3, what is 122112010 - -101?
122112111
In base 13, what is 5446 + 78?
54c1
In base 8, what is 0 - -2677?
2677
In base 12, what is -516b - 1?
-5170
In base 4, what is 0 + -2210133?
-2210133
In base 12, what is 3a2 + 1b4?
596
In base 5, what is -104412 - 4?
-104421
In base 2, what is 1000111101010101110 + -111?
1000111101010100111
In base 12, what is 0 + 32199?
32199
In base 15, what is -7062 + 39?
-7028
In base 5, what is -2 + 1012230?
1012223
In base 15, what is -203 - 41?
-244
In base 9, what is 8423 - 421?
8002
In base 16, what is -198 - -1e4?
4c
In base 6, what is 20324 + -113?
20211
In base 12, what is 5 - -255a?
2563
In base 3, what is -22000012210210 - 10?
-22000012210220
In base 12, what is 9 + 22bb7?
23004
In base 15, what is -11 - -e08?
de7
In base 3, what is 200201 - -200?
201101
In base 6, what is 11432104 + -3?
11432101
In base 11, what is 27254 + 4?
27258
In base 10, what is -23 + -9153?
-9176
In base 4, what is -3 - -13002002?
13001333
In base 14, what is -2 + 49c3?
49c1
In base 14, what is 235d - 5?
2358
In base 14, what is 1a - -b42?
b5c
In base 4, what is 10 - -2032200?
2032210
In base 13, what is 16 - -b147?
b160
In base 9, what is -320 - -2645?
2325
In base 15, what is 5b3 - -38?
5eb
In base 8, what is 1546 + -1325?
221
In base 9, what is -5116 + 7?
-5108
In base 10, what is 4 + 45241?
45245
In base 5, what is -223140 - 23?
-223213
In base 5, what is -13 + 41034143?
41034130
In base 10, what is -662 + 0?
-662
In base 6, what is 5 + 5354222?
5354231
In base 5, what is 112 - -11003?
11120
In base 5, what is -1300 + 1001?
-244
In base 16, what is -3d - -431?
3f4
In base 4, what is 10301 + 313102?
330003
In base 12, what is 27 - -1a70?
1a97
In base 4, what is -1 - -2123210?
2123203
In base 9, what is -138 - -325?
176
In base 5, what is 3410100 - 30?
3410020
In base 7, what is -1453 + 301?
-1152
In base 2, what is -10100101110001111 - -10?
-10100101110001101
In base 13, what is 7 + -a39c3?
-a39b9
In base 4, what is -1031 - 1000?
-2031
In base 6, what is -44 - -103354?
103310
In base 11, what is -953aa + 0?
-953aa
In base 12, what is 4509 + 2?
450b
In base 5, what is 220420221 - -3?
220420224
In base 5, what is 2 + -10230?
-10223
In base 3, what is 1002021 + 21200010?
22202101
In base 9, what is -213281 + -27?
-213318
In base 16, what is 6 - 3be79?
-3be73
In base 15, what is -31 + 477?
446
In base 15, what is 397e - 13d?
3841
In base 5, what is -443 + 23244?
22301
In base 13, what is -4 - 6bbb?
-6bc2
In base 6, what is -333314 + -4?
-333322
In base 11, what is 9917 + 1?
9918
In base 9, what is 16468 - -36?
16515
In base 13, what is -471b + 8a?
-4661
In base 11, what is 1 - -20652?
20653
In base 6, what is 0 - 2032?
-2032
In base 2, what is 10001010000110 + -10011101?
10000111101001
In base 16, what is -4f4dbf + -1?
-4f4dc0
In base 13, what is -5 + 2a01b9?
2a01b4
In base 11, what is 336 - -162?
498
In base 11, what is -2006 - 275?
-2280
In base 11, what is 5 + -126234?
-12622a
In base 12, what is 314 - -16?
32a
In base 16, what is 214d62 - -4?
214d66
In base 11, what is -34 - 1238?
-1271
In base 16, what is -5 - 28f4e?
-28f53
In base 5, what is -4 - -243104102?
243104043
In base 13, what is 1 + -161763?
-161762
In base 15, what is 9 - -275b?
2765
In base 2, what is -1000010 + 11001010001?
11000001111
In base 6, what is -1311045 - -115?
-1310530
In base 6, what is -3 - -340232?
340225
In base 16, what is b50f - -a?
b519
In base 4, what is -2102 - 131020?
-133122
In base 11, what is -4 + -25718?
-25721
In base 6, what is -342242 - -41?
-342201
In base 11, what is -3 - -44863?
44860
In base 3, what is 10 + 11002201201?
11002201211
In base 6, what is -332512 + 5?
-332503
In base 7, what is -2432 + 31?
-2401
In base 3, what is 11120 + 221?
12111
In base 16, what is ea1e - -1?
ea1f
In base 12, what is 20716 - 2?
20714
In base 10, what is -14 - -3708?
3694
In base 5, what is -1010203 + 1420?
-1003233
In base 10, what is -11491 - 227?
-11718
In base 12, what is 21 + 2a9a?
2abb
In base 2, what is -100 - 110111111000?
-110111111100
In base 12, what is -2 - 265?
-267
In base 5, what is 10322114 + -2?
10322112
In base 8, what is 11342 + 41?
11403
In base 5, what is -4 + -20024112?
-20024121
In base 10, what is 204 - -14?
218
In base 11, what is -207 + 39?
-179
In base 15, what is -12 - -b787?
b775
In base 4, what is -2 + 333111331?
333111323
In base 3, what is 1021 + -22112211?
-22111120
In base 15, what is 11 - -867?
878
In base 3, what is -111112112200 - -1?
-111112112122
In base 7, what is -1602 + 1252?
-320
In base 4, what is 111112 - -3?
111121
In base 8, what is 0 + 4454074?
4454074
In base 13, what is 50b0 - -10c?
51bc
In base 15, what is -3 + 1403?
1400
In base 6, what is 204 - -33?
241
In base 10, what is 84 - 1937?
-1853
In base 12, what is 81 + 55?
116
In base 9, what is -27 + -653?
-681
In base 6, what is -23204 + 42?
-23122
In base 15, what is 2 - 114930?
-11492d
In base 16, what is 94 - -9ed4?
9f68
In base 12, what is 211 - -42?
253
In base 14, what is 37982 + 2?
37984
In base 12, what is -4017b + -5?
-40184